{"id":4012,"date":"2021-05-30T11:41:18","date_gmt":"2021-05-30T11:41:18","guid":{"rendered":"http:\/\/nebotours.aha.ba\/?page_id=4012"},"modified":"2022-09-20T17:03:55","modified_gmt":"2022-09-20T17:03:55","slug":"hoteli","status":"publish","type":"page","link":"https:\/\/nebotours.ba\/index.php\/hoteli\/","title":{"rendered":"Hoteli"},"content":{"rendered":"<body><div class=\"one withsmallpadding ppb_contact_half_bg \" style=\"padding:30px 0 30px 0;\">\n<div class=\"standard_wrapper\">\n<div class=\"page_content_wrapper\">\n<div class=\"inner\">\n<div class=\"one_half_bg floatright\" style=\"background:#000000;background:rgb(0,0,0,1);background:rgba(0,0,0,1);\">\n<h2 class=\"ppb_title\" style=\"\">Hoteli<\/h2>\n<div class=\"ppb_header_content\">\n<p>Tra\u017eite hotelski smje\u0161taj za svoje poslovno ili turisti\u010dko putovanje? <\/p>\n<p>Na pravom ste mjestu.<\/p>\n<p>U ponudi imamo <strong>preko 300.000 hotela \u0161irom svijeta<\/strong>, od luksuznih hotela sa pet zvjezdica do ugodnih gradskih boutique hotela za sva\u010dije potrebe i sva\u010diji ukus. <\/p>\n<p>Kontaktirajte nas ve\u0107 danas. <\/p>\n<\/div>\n<div class=\"contact_form7_wrapper\"><p class=\"wpcf7-contact-form-not-found\"><strong>Error:<\/strong> Contact form not found.<\/p><\/div>\n<\/div>\n<\/div>\n<\/div>\n<\/div>\n<\/div>\n<\/body>","protected":false},"excerpt":{"rendered":"<p>Hoteli Tra\u017eite hotelski smje\u0161taj za svoje poslovno ili turisti\u010dko putovanje? Na pravom ste mjestu. U ponudi imamo preko 300.000 hotela \u0161irom svijeta, od luksuznih hotela sa pet zvjezdica do ugodnih gradskih boutique hotela za sva\u010dije potrebe i sva\u010diji ukus. Kontaktirajte [&hellip;]<\/p>\n","protected":false},"author":1,"featured_media":0,"parent":0,"menu_order":0,"comment_status":"closed","ping_status":"closed","template":"","meta":{"om_disable_all_campaigns":false,"footnotes":""},"class_list":["post-4012","page","type-page","status-publish","hentry"],"aioseo_notices":[],"_links":{"self":[{"href":"https:\/\/nebotours.ba\/index.php\/wp-json\/wp\/v2\/pages\/4012","targetHints":{"allow":["GET"]}}],"collection":[{"href":"https:\/\/nebotours.ba\/index.php\/wp-json\/wp\/v2\/pages"}],"about":[{"href":"https:\/\/nebotours.ba\/index.php\/wp-json\/wp\/v2\/types\/page"}],"author":[{"embeddable":true,"href":"https:\/\/nebotours.ba\/index.php\/wp-json\/wp\/v2\/users\/1"}],"replies":[{"embeddable":true,"href":"https:\/\/nebotours.ba\/index.php\/wp-json\/wp\/v2\/comments?post=4012"}],"version-history":[{"count":76,"href":"https:\/\/nebotours.ba\/index.php\/wp-json\/wp\/v2\/pages\/4012\/revisions"}],"predecessor-version":[{"id":6776,"href":"https:\/\/nebotours.ba\/index.php\/wp-json\/wp\/v2\/pages\/4012\/revisions\/6776"}],"wp:attachment":[{"href":"https:\/\/nebotours.ba\/index.php\/wp-json\/wp\/v2\/media?parent=4012"}],"curies":[{"name":"wp","href":"https:\/\/api.w.org\/{rel}","templated":true}]}}