{"id":4319,"date":"2021-09-28T00:37:01","date_gmt":"2021-09-28T00:37:01","guid":{"rendered":"http:\/\/nebotours.aha.ba\/?page_id=4319"},"modified":"2022-05-19T21:03:58","modified_gmt":"2022-05-19T21:03:58","slug":"grcka","status":"publish","type":"page","link":"https:\/\/nebotours.ba\/index.php\/grcka\/","title":{"rendered":"Gr\u010dka"},"content":{"rendered":"<body><p><\/p>\n<div class=\"one withsmallpadding ppb_content_half_bg withbg parallax \" style=\"background-image:url(\/wp-content\/uploads\/2021\/09\/Grcka-navagio-beach-zante.jpg);background-position: center top;padding:90px 0 90px 0;\">\n<div class=\"standard_wrapper\">\n<div class=\"page_content_wrapper\">\n<div class=\"inner\">\n<div class=\"one_half_bg floatright\" style=\"background:#ffffff;background:rgb(255,255,255,1);background:rgba(255,255,255,1);\" data-stellar-ratio=\"1.3\">\n<h2 class=\"ppb_title\" style=\"\">Gr\u010dka<\/h2>\n<div class=\"page_tagline\" style=\"\">VI U GR\u010cKOJ<\/div>\n<div class=\"ppb_header_content\">\n<p>Gr\u010dka se nalazi na jugu Balkanskog poluostrva i upravo tu Evropa izlazi najdalje na jugoistok preko razu\u0111enih gr\u010dkih ostrva.<\/p>\n<\/div>\n<\/div>\n<\/div>\n<\/div>\n<\/div>\n<\/div>\n<div class=\"one withsmallpadding\" style=\"padding:40px 0 40px 0;\">\n<div class=\"standard_wrapper\">\n<div class=\"page_content_wrapper\">\n<div class=\"inner\">\n<div class=\"inner_wrapper\">\n<div class=\"sidebar_content \">\n<div class=\"one_half \" style=\"\">\nSvake godine Gr\u010dku i njena prelijepa ostrva sa jo\u0161 ljep\u0161im pla\u017eama posjeti nekoliko miliona turista koji osim u prirodnim ljepotama u\u017eivaju i u nacionalnoj muzici, kuhinji, pi\u0107ima i gostoprimstvu naroda \u010diji su pretci zadu\u017eili \u010dovje\u010danstvo.\n<p>Gr\u010dka je dr\u017eava Evropske unije smje\u0161tena na krajnjem jugu Balkanskog poluostrva. Prirodne ljepote i mediteranska klima, kao i neprocjenjivo arheolo\u0161ko, istorijsko i spomeni\u010dko blago \u010dine ovu zemlju jednom od najatraktivnijih turisti\u010dkih destinacija. Postojbina je najstarijih civilizacija. Svetu je podarila\u00a0 demokratiju, razvila i podstakla filozofiju. Kao najstarija dr\u017eava Starog kontinenta, Gr\u010dka predstavlja horizont evropske kulture i civilizacije.\n<\/p>\n<\/div>\n<div class=\"one_half last \" style=\"\">\n<img decoding=\"async\" loading=\"lazy\" src=\"\/wp-content\/uploads\/2021\/09\/Grcka-odeon-of-herodes-atticus-athens.jpg\" alt=\"\" width=\"100%\" height=\"auto\" class=\"alignnone size-medium wp-image-4326\">\n<\/div>\n<p><br class=\"clear\"><br>\nU ovoj zemlji burne pro\u0161losti i bogate istorije danas \u017eivi skoro 10 miliona stanovnika. Svaki drugi Grk \u017eivi u glavnom gradu Atini, jednoj od najljep\u0161ih\u00a0 prestonica svijeta. Zemlja srda\u010dnog, vedrog i gostoprimljivog naroda, ekolo\u0161ki je o\u010duvana i za\u0161ti\u0107ena sredina.<\/p>\n<p>U geografskom smislu smatra se i mediteranskom, odnosno sredozemnom dr\u017eavom. Njene obale zapljuskuje nekoliko mora: Jonsko, Egejsko, Karpatsko, Ikarijsko, Trakijsko, Mirtinsko, Kritsko, Libijsko. Ukupna du\u017eina obalske linije Gr\u010dke je nevjerovatnih 15.000 kilometara.<\/p>\n<p>Areheolo\u0161ki lokaliteti su neprocjenjivo bogatstvo: svetili\u0161te boginje Atine na Akropoljskoj steni iz doba Periklove Atine, hram posve\u0107en bogu mora Posejdonu na rtu Sunion, Stari Korint i Akrokorint, \u010duveno akusti\u010dno pozori\u0161te u Epidaurusu, utvr\u00f0eni grad Mikena sa Lavljim vratima i Atrejevom riznicom, Apolonovo svetili\u0161te u Delfima,\u00a0 anti\u010dka Olimpija gdje su 779. godine prije n. e. organizovane prve Olimpijske igre, kraljevski grobovi u Vergini, ambijentalni prostor Svete Gore, \u010duvena palata u Knososu\u2026<\/p>\n<\/div>\n<div class=\"sidebar_wrapper \">\n<div class=\"sidebar\">\n<div class=\"content\">\n<ul class=\"sidebar_widget\">\n<li id=\"block-14\" class=\"widget widget_block\">\n<div class=\"wp-block-contact-form-7-contact-form-selector\">\n<div role=\"form\" class=\"wpcf7\" id=\"wpcf7-f6691-o1\" lang=\"en-US\" dir=\"ltr\">\n<div class=\"screen-reader-response\">\n<p role=\"status\" aria-live=\"polite\" aria-atomic=\"true\">\n<\/p><ul><\/ul>\n<\/div>\n<form action=\"\/wp-admin\/post.php#wpcf7-f6691-o1\" method=\"post\" class=\"wpcf7-form init\" novalidate=\"novalidate\" data-status=\"init\">\n<div style=\"display: none;\">\n<input type=\"hidden\" name=\"_wpcf7\" value=\"6691\"><br>\n<input type=\"hidden\" name=\"_wpcf7_version\" value=\"5.5.6.1\"><br>\n<input type=\"hidden\" name=\"_wpcf7_locale\" value=\"en_US\"><br>\n<input type=\"hidden\" name=\"_wpcf7_unit_tag\" value=\"wpcf7-f6691-o1\"><br>\n<input type=\"hidden\" name=\"_wpcf7_container_post\" value=\"0\"><br>\n<input type=\"hidden\" name=\"_wpcf7_posted_data_hash\" value=\"\">\n<\/div>\n<h4>Po\u0161aljite upit<\/h4>\n<hr style=\"border-color: #ff4a52; margin-top: 12px;\">\n<p>Odaberite \u017eeljenu destinaciju iz kategorije Ljetovanje, ili nam po\u0161aljite destinaciju na koju \u017eelite, a mi \u0107emo, zajedno s Vama, kreirati plan putovanja za Va\u0161 odmor.<\/p>\n<p><label> Puno ime<br>\n    <span class=\"wpcf7-form-control-wrap your-name\"><input type=\"text\" name=\"your-name\" value=\"\" size=\"40\" class=\"wpcf7-form-control wpcf7-text wpcf7-validates-as-required\" aria-required=\"true\" aria-invalid=\"false\"><\/span> <\/label><br>\n<label> E-mail adresa<br>\n    <span class=\"wpcf7-form-control-wrap your-email\"><input type=\"email\" name=\"your-email\" value=\"\" size=\"40\" class=\"wpcf7-form-control wpcf7-text wpcf7-email wpcf7-validates-as-required wpcf7-validates-as-email\" aria-required=\"true\" aria-invalid=\"false\"><\/span> <\/label><br>\n<label> Broj telefona<br>\n<span class=\"wpcf7-form-control-wrap tel-90\"><input type=\"tel\" name=\"tel-90\" value=\"\" size=\"40\" class=\"wpcf7-form-control wpcf7-text wpcf7-tel wpcf7-validates-as-required wpcf7-validates-as-tel\" aria-required=\"true\" aria-invalid=\"false\"><\/span> <\/label><br>\n<label> Zainteresovani ste za<br>\n<span class=\"wpcf7-form-control-wrap menu-90\"><select name=\"menu-90\" class=\"wpcf7-form-control wpcf7-select\" id=\"interest-trip-summer\" aria-invalid=\"false\"><option value=\"Ljetovanje\">Ljetovanje<\/option><option value=\"Albanija\">Albanija<\/option><option value=\"Crna Gora\">Crna Gora<\/option><option value=\"Egipat\">Egipat<\/option><option value=\"Gr\u010dka\">Gr\u010dka<\/option><option value=\"Hrvatska\">Hrvatska<\/option><option value=\"Turska\">Turska<\/option><\/select><\/span> <\/label><br>\n<label> Poruka (unesite \u017eeljenu destinaciju)<br>\n<span class=\"wpcf7-form-control-wrap textarea-90\"><textarea name=\"textarea-90\" cols=\"40\" rows=\"10\" class=\"wpcf7-form-control wpcf7-textarea wpcf7-validates-as-required contact-text-area\" aria-required=\"true\" aria-invalid=\"false\"><\/textarea><\/span><\/label><br>\n<label> Broj osoba<br>\n<span class=\"wpcf7-form-control-wrap text-90\"><input type=\"text\" name=\"text-90\" value=\"\" size=\"40\" class=\"wpcf7-form-control wpcf7-text\" aria-invalid=\"false\" placeholder=\"1\"><\/span> <\/label><br>\n<input type=\"submit\" value=\"Po\u0161aljite upit\" class=\"wpcf7-form-control has-spinner wpcf7-submit\"><\/p>\n<p style=\"display: none !important;\"><label>\u0394<textarea name=\"_wpcf7_ak_hp_textarea\" cols=\"45\" rows=\"8\" maxlength=\"100\"><\/textarea><\/label><input type=\"hidden\" id=\"ak_js_1\" name=\"_wpcf7_ak_js\" value=\"149\"><script>document.getElementById( \"ak_js_1\" ).setAttribute( \"value\", ( new Date() ).getTime() );<\/script><\/p>\n<div class=\"wpcf7-response-output\" aria-hidden=\"true\"><\/div>\n<\/form>\n<\/div>\n<\/div>\n<\/li>\n<\/ul>\n<\/div>\n<\/div>\n<\/div>\n<\/div>\n<\/div>\n<\/div>\n<\/div>\n<\/div>\n<div class=\"standard_wrapper\">\n<div class=\"ppb_three_cols_images one\" style=\"padding:40px 0 40px 0;\">\n<div class=\"page_content_wrapper\">\n<div class=\"inner\">\n<div class=\"one_third\">\n<div class=\"image_classic_frame expand\">\n<div class=\"image_wrapper\"><a href=\"\/wp-content\/uploads\/2021\/09\/Grcka_Santorini.jpg\" class=\"img_frame\"><img decoding=\"async\" src=\"\/wp-content\/uploads\/2021\/09\/Grcka_Santorini.jpg\" alt=\"\" class=\"portfolio_img\" loading=\"lazy\"><\/a><\/div>\n<\/div>\n<\/div>\n<div class=\"one_third\">\n<div class=\"image_classic_frame expand\">\n<div class=\"image_wrapper\"><a href=\"\/wp-content\/uploads\/2021\/09\/Grcka_Balos_Lagoon.jpg\" class=\"img_frame\"><img decoding=\"async\" src=\"\/wp-content\/uploads\/2021\/09\/Grcka_Balos_Lagoon.jpg\" alt=\"\" class=\"portfolio_img\" loading=\"lazy\"><\/a><\/div>\n<\/div>\n<\/div>\n<div class=\"one_third last\">\n<div class=\"image_classic_frame\">\n<div class=\"image_wrapper\"><a href=\"\/wp-content\/uploads\/2021\/09\/Grcka_01.jpg\" class=\"img_frame\"><img decoding=\"async\" src=\"\/wp-content\/uploads\/2021\/09\/Grcka_01.jpg\" alt=\"\" class=\"portfolio_img\" loading=\"lazy\"><\/a><\/div>\n<\/div>\n<\/div>\n<\/div>\n<\/div>\n<\/div>\n<\/div>\n<p><\/p>\n<\/body>","protected":false},"excerpt":{"rendered":"<p>Gr\u010dka VI U GR\u010cKOJ Gr\u010dka se nalazi na jugu Balkanskog poluostrva i upravo tu Evropa izlazi najdalje na jugoistok preko razu\u0111enih gr\u010dkih ostrva. Svake godine Gr\u010dku i njena prelijepa ostrva sa jo\u0161 ljep\u0161im pla\u017eama posjeti nekoliko miliona turista koji osim [&hellip;]<\/p>\n","protected":false},"author":1,"featured_media":0,"parent":0,"menu_order":0,"comment_status":"closed","ping_status":"closed","template":"","meta":{"om_disable_all_campaigns":false,"footnotes":""},"class_list":["post-4319","page","type-page","status-publish","hentry"],"aioseo_notices":[],"_links":{"self":[{"href":"https:\/\/nebotours.ba\/index.php\/wp-json\/wp\/v2\/pages\/4319","targetHints":{"allow":["GET"]}}],"collection":[{"href":"https:\/\/nebotours.ba\/index.php\/wp-json\/wp\/v2\/pages"}],"about":[{"href":"https:\/\/nebotours.ba\/index.php\/wp-json\/wp\/v2\/types\/page"}],"author":[{"embeddable":true,"href":"https:\/\/nebotours.ba\/index.php\/wp-json\/wp\/v2\/users\/1"}],"replies":[{"embeddable":true,"href":"https:\/\/nebotours.ba\/index.php\/wp-json\/wp\/v2\/comments?post=4319"}],"version-history":[{"count":30,"href":"https:\/\/nebotours.ba\/index.php\/wp-json\/wp\/v2\/pages\/4319\/revisions"}],"predecessor-version":[{"id":6740,"href":"https:\/\/nebotours.ba\/index.php\/wp-json\/wp\/v2\/pages\/4319\/revisions\/6740"}],"wp:attachment":[{"href":"https:\/\/nebotours.ba\/index.php\/wp-json\/wp\/v2\/media?parent=4319"}],"curies":[{"name":"wp","href":"https:\/\/api.w.org\/{rel}","templated":true}]}}