{"id":4388,"date":"2021-09-28T01:43:42","date_gmt":"2021-09-28T01:43:42","guid":{"rendered":"http:\/\/nebotours.aha.ba\/?page_id=4388"},"modified":"2022-05-19T21:12:42","modified_gmt":"2022-05-19T21:12:42","slug":"ribolov","status":"publish","type":"page","link":"https:\/\/nebotours.ba\/index.php\/ribolov\/","title":{"rendered":"Ribolov"},"content":{"rendered":"<body><div class=\"one withsmallpadding ppb_content_half_bg withbg parallax \" style=\"background-image:url(\/wp-content\/uploads\/2021\/09\/Ribolov.jpg);background-position: center top;padding:90px 0 90px 0;\">\n<div class=\"standard_wrapper\">\n<div class=\"page_content_wrapper\">\n<div class=\"inner\">\n<div class=\"one_half_bg\" style=\"background:#ffffff;background:rgb(255,255,255,0.9);background:rgba(255,255,255,0.9);\" data-stellar-ratio=\"1.3\">\n<h2 class=\"ppb_title\" style=\"\">Ribolov<\/h2>\n<div class=\"page_tagline\" style=\"\">Pri\u010da o balkanskom Feniksu<\/div>\n<div class=\"ppb_header_content\">\n<p>Postoji zemlja na Balkanu u kojoj se na tek ne\u0161to vi\u0161e od 50.000 kvadratnih kilometara povr\u0161ine nalaze sva ovozemaljska dobra i duhovne blagodati. <\/p>\n<p>Dan mo\u017eete zapo\u010deti na predivnoj obali Jadranskog mora, a zavr\u0161iti ga u savr\u0161enom miru planinske ti\u0161ine. <\/p>\n<\/div>\n<\/div>\n<\/div>\n<\/div>\n<\/div>\n<\/div>\n<div class=\"one withsmallpadding ppb_text\" style=\"padding:10px;background-color:#ff4a53;color:#ffffff !important;\">\n<p style=\"text-align: center;\"><span style=\"color: #ffffff;\"><strong>Rezervi\u0161ite na vrijeme svoje mjesto na sljede\u0107oj ribolovnoj turi.<\/strong><\/span><\/p>\n<h3 style=\"text-align: center;\"><span style=\"color: #ffffff;\">BISTRO!<\/span><\/h3>\n<\/div>\n<div class=\"ppb_tour_grid one nopadding \" style=\"margin-top:36px;\">\n<div class=\"page_content_wrapper page_main_content sidebar_content full_width fixed_column\">\n<div class=\"standard_wrapper\">\n<div id=\"16529947621777851061\" class=\"portfolio_filter_wrapper gallery grid four_cols\" data-columns=\"4\">\n<div class=\"element grid classic4_cols animated1\">\n<div class=\"one_fourth gallery4 grid static filterable portfolio_type themeborder\" style=\"background-image:url(https:\/\/nebotours.ba\/wp-content\/uploads\/2022\/02\/Ribolov-Krivaja-Biostica-Stupcanica-700x466.jpg);\"><a class=\"tour_image\" href=\"https:\/\/nebotours.ba\/index.php\/tour\/krivaja-biostica-i-stupcanica\/\"><\/a>\n<div class=\"portfolio_info_wrapper\">\n<div class=\"tour_price \">135 EUR<\/div>\n<h4>Krivaja, Bio\u0161tica i Stup\u010danica<\/h4>\n<div class=\"tour_attribute_wrapper\">\n<div class=\"tour_attribute_days\">\n\t\t\t    \t\t\t    <span class=\"ti-time\"><\/span>3\u00a0days<\/div>\n<\/div>\n<p>        \t\t    <br class=\"clear\">\n\t\t\t\t<\/p><\/div>\n<\/div>\n<\/div>\n<div class=\"element grid classic4_cols animated2\">\n<div class=\"one_fourth gallery4 grid static filterable portfolio_type themeborder\" style=\"background-image:url(https:\/\/nebotours.ba\/wp-content\/uploads\/2022\/02\/Ribolov-Lasva-1-700x466.jpg);\"><a class=\"tour_image\" href=\"https:\/\/nebotours.ba\/index.php\/tour\/lasva\/\"><\/a>\n<div class=\"portfolio_info_wrapper\">\n<div class=\"tour_price \">42 EUR<\/div>\n<h4>La\u0161va<\/h4>\n<div class=\"tour_attribute_wrapper\">\n<div class=\"tour_attribute_days\">\n\t\t\t    \t\t\t    <span class=\"ti-time\"><\/span>1\u00a0day<\/div>\n<\/div>\n<p>        \t\t    <br class=\"clear\">\n\t\t\t\t<\/p><\/div>\n<\/div>\n<\/div>\n<div class=\"element grid classic4_cols animated3\">\n<div class=\"one_fourth gallery4 grid static filterable portfolio_type themeborder\" style=\"background-image:url(https:\/\/nebotours.ba\/wp-content\/uploads\/2021\/09\/Ribolov-Boracko-700x466.jpg);\"><a class=\"tour_image\" href=\"https:\/\/nebotours.ba\/index.php\/tour\/neretva-and-boracko-lake\/\"><\/a>\n<div class=\"portfolio_info_wrapper\">\n<div class=\"tour_price \">191 EUR<\/div>\n<h4>Neretva i Bora\u010dko jezero<\/h4>\n<div class=\"tour_attribute_wrapper\">\n<div class=\"tour_attribute_days\">\n\t\t\t    \t\t\t    <span class=\"ti-time\"><\/span>5\u00a0days<\/div>\n<\/div>\n<p>        \t\t    <br class=\"clear\">\n\t\t\t\t<\/p><\/div>\n<\/div>\n<\/div>\n<div class=\"element grid classic4_cols animated4\">\n<div class=\"one_fourth gallery4 grid static filterable portfolio_type themeborder\" style=\"background-image:url(https:\/\/nebotours.ba\/wp-content\/uploads\/2021\/09\/Ribolov-Pelagicevo-700x466.jpg);\"><a class=\"tour_image\" href=\"https:\/\/nebotours.ba\/index.php\/tour\/pelagicevo\/\"><\/a>\n<div class=\"portfolio_info_wrapper\">\n<div class=\"tour_price \">117 EUR<\/div>\n<h4>Pelagi\u0107evo<\/h4>\n<div class=\"tour_attribute_wrapper\">\n<div class=\"tour_attribute_days\">\n\t\t\t    \t\t\t    <span class=\"ti-time\"><\/span>5\u00a0days<\/div>\n<\/div>\n<p>        \t\t    <br class=\"clear\">\n\t\t\t\t<\/p><\/div>\n<\/div>\n<\/div>\n<div class=\"element grid classic4_cols animated5\">\n<div class=\"one_fourth gallery4 grid static filterable portfolio_type themeborder\" style=\"background-image:url(https:\/\/nebotours.ba\/wp-content\/uploads\/2021\/09\/Ribolov-Ribnik-Sanica-700x466.jpg);\"><a class=\"tour_image\" href=\"https:\/\/nebotours.ba\/index.php\/tour\/ribnik-and-sanica\/\"><\/a>\n<div class=\"portfolio_info_wrapper\">\n<div class=\"tour_price \">487 EUR<\/div>\n<h4>Ribnik i Sanica<\/h4>\n<div class=\"tour_attribute_wrapper\">\n<div class=\"tour_attribute_days\">\n\t\t\t    \t\t\t    <span class=\"ti-time\"><\/span>6\u00a0days<\/div>\n<\/div>\n<p>        \t\t    <br class=\"clear\">\n\t\t\t\t<\/p><\/div>\n<\/div>\n<\/div>\n<\/div>\n<\/div>\n<\/div>\n<\/div>\n<\/body>","protected":false},"excerpt":{"rendered":"<p>Ribolov Pri\u010da o balkanskom Feniksu Postoji zemlja na Balkanu u kojoj se na tek ne\u0161to vi\u0161e od 50.000 kvadratnih kilometara povr\u0161ine nalaze sva ovozemaljska dobra i duhovne blagodati. Dan mo\u017eete zapo\u010deti na predivnoj obali Jadranskog mora, a zavr\u0161iti ga u [&hellip;]<\/p>\n","protected":false},"author":1,"featured_media":0,"parent":0,"menu_order":0,"comment_status":"closed","ping_status":"closed","template":"","meta":{"om_disable_all_campaigns":false,"footnotes":""},"class_list":["post-4388","page","type-page","status-publish","hentry"],"aioseo_notices":[],"_links":{"self":[{"href":"https:\/\/nebotours.ba\/index.php\/wp-json\/wp\/v2\/pages\/4388","targetHints":{"allow":["GET"]}}],"collection":[{"href":"https:\/\/nebotours.ba\/index.php\/wp-json\/wp\/v2\/pages"}],"about":[{"href":"https:\/\/nebotours.ba\/index.php\/wp-json\/wp\/v2\/types\/page"}],"author":[{"embeddable":true,"href":"https:\/\/nebotours.ba\/index.php\/wp-json\/wp\/v2\/users\/1"}],"replies":[{"embeddable":true,"href":"https:\/\/nebotours.ba\/index.php\/wp-json\/wp\/v2\/comments?post=4388"}],"version-history":[{"count":27,"href":"https:\/\/nebotours.ba\/index.php\/wp-json\/wp\/v2\/pages\/4388\/revisions"}],"predecessor-version":[{"id":6744,"href":"https:\/\/nebotours.ba\/index.php\/wp-json\/wp\/v2\/pages\/4388\/revisions\/6744"}],"wp:attachment":[{"href":"https:\/\/nebotours.ba\/index.php\/wp-json\/wp\/v2\/media?parent=4388"}],"curies":[{"name":"wp","href":"https:\/\/api.w.org\/{rel}","templated":true}]}}