{"id":6307,"date":"2022-04-11T12:57:20","date_gmt":"2022-04-11T12:57:20","guid":{"rendered":"http:\/\/nebotours.aha.ba\/?page_id=6307"},"modified":"2022-04-12T18:16:22","modified_gmt":"2022-04-12T18:16:22","slug":"krstarenja","status":"publish","type":"page","link":"https:\/\/nebotours.ba\/index.php\/krstarenja\/","title":{"rendered":"Krstarenja"},"content":{"rendered":"<body><div class=\"one withsmallpadding ppb_contact_half_bg \" style=\"padding:30px 0 30px 0;\">\n<div class=\"standard_wrapper\">\n<div class=\"page_content_wrapper\">\n<div class=\"inner\">\n<div class=\"one_half_bg floatright\" style=\"background:#000000;background:rgb(0,0,0,1);background:rgba(0,0,0,1);\">\n<h2 class=\"ppb_title\" style=\"\">Krstarenja<\/h2>\n<div class=\"ppb_header_content\">\n<p>Va\u0161e iskustvo krstarenja u sredi\u0161tu je na\u0161e pa\u017enje. <\/p>\n<p>Kako bi va\u0161 odmor u\u010dinili nezaboravnim, nudimo vam priliku prilagoditi iskustvo krstarenja svojim potrebama i \u017eeljama. Mo\u017eete nam prepustiti izbor kabine i iskoristiti najbolje dostupne cijene ili odabrati svoju idealnu kabinu i lokaciju. Va\u0161e krstarenje \u0107e u svakom slu\u010daju biti ono koje se pamti.<\/p>\n<\/div>\n<div class=\"contact_form7_wrapper\"><p class=\"wpcf7-contact-form-not-found\"><strong>Error:<\/strong> Contact form not found.<\/p><\/div>\n<\/div>\n<\/div>\n<\/div>\n<\/div>\n<\/div>\n\n<\/body>","protected":false},"excerpt":{"rendered":"<p>Krstarenja Va\u0161e iskustvo krstarenja u sredi\u0161tu je na\u0161e pa\u017enje. Kako bi va\u0161 odmor u\u010dinili nezaboravnim, nudimo vam priliku prilagoditi iskustvo krstarenja svojim potrebama i \u017eeljama. Mo\u017eete nam prepustiti izbor kabine i iskoristiti najbolje dostupne cijene ili odabrati svoju idealnu kabinu [&hellip;]<\/p>\n","protected":false},"author":1,"featured_media":0,"parent":0,"menu_order":0,"comment_status":"closed","ping_status":"closed","template":"","meta":{"om_disable_all_campaigns":false,"footnotes":""},"class_list":["post-6307","page","type-page","status-publish","hentry"],"aioseo_notices":[],"_links":{"self":[{"href":"https:\/\/nebotours.ba\/index.php\/wp-json\/wp\/v2\/pages\/6307","targetHints":{"allow":["GET"]}}],"collection":[{"href":"https:\/\/nebotours.ba\/index.php\/wp-json\/wp\/v2\/pages"}],"about":[{"href":"https:\/\/nebotours.ba\/index.php\/wp-json\/wp\/v2\/types\/page"}],"author":[{"embeddable":true,"href":"https:\/\/nebotours.ba\/index.php\/wp-json\/wp\/v2\/users\/1"}],"replies":[{"embeddable":true,"href":"https:\/\/nebotours.ba\/index.php\/wp-json\/wp\/v2\/comments?post=6307"}],"version-history":[{"count":20,"href":"https:\/\/nebotours.ba\/index.php\/wp-json\/wp\/v2\/pages\/6307\/revisions"}],"predecessor-version":[{"id":6331,"href":"https:\/\/nebotours.ba\/index.php\/wp-json\/wp\/v2\/pages\/6307\/revisions\/6331"}],"wp:attachment":[{"href":"https:\/\/nebotours.ba\/index.php\/wp-json\/wp\/v2\/media?parent=6307"}],"curies":[{"name":"wp","href":"https:\/\/api.w.org\/{rel}","templated":true}]}}